 the highest common factor of 30 and 580815.
15
Calculate the highest common factor of 40128 and 194256.
912
Calculate the greatest common divisor of 637 and 12844.
13
Calculate the highest common divisor of 52 and 2554.
2
What is the greatest common factor of 40 and 4962820?
20
What is the greatest common divisor of 62559 and 16254?
189
Calculate the greatest common factor of 86889 and 132.
33
Calculate the highest common factor of 203 and 58493.
29
What is the greatest common divisor of 112594 and 76?
38
Calculate the highest common factor of 338688 and 42.
42
Calculate the highest common factor of 70518 and 4818.
438
Calculate the greatest common divisor of 9919 and 150311.
763
Calculate the highest common divisor of 146 and 125341.
73
Calculate the highest common factor of 243841 and 52.
13
What is the greatest common factor of 9309 and 4263?
87
Calculate the greatest common divisor of 765 and 63135.
45
What is the greatest common divisor of 2034093 and 4927?
379
What is the greatest common divisor of 28 and 844851?
7
What is the greatest common factor of 462 and 1175034?
42
Calculate the greatest common divisor of 1344 and 24262.
14
What is the greatest common factor of 130 and 1997840?
130
What is the greatest common factor of 177795 and 405?
405
What is the highest common factor of 1483218 and 198?
198
Calculate the greatest common factor of 191740 and 6.
2
Calculate the highest common factor of 1506 and 8534.
502
Calculate the greatest common divisor of 1788213 and 6069.
357
Calculate the highest common divisor of 1780 and 110004.
356
What is the greatest common divisor of 22451 and 26?
13
What is the highest common factor of 4732 and 14924?
364
What is the greatest common divisor of 964738 and 74?
74
What is the greatest common divisor of 15 and 1510?
5
What is the greatest common divisor of 6132 and 32996?
292
What is the highest common factor of 1145735 and 146?
73
Calculate the highest common factor of 8 and 1607324.
4
What is the highest common divisor of 60760 and 105?
35
Calculate the highest common factor of 168072 and 12.
12
Calculate the highest common divisor of 29701 and 56.
7
Calculate the highest common divisor of 221222 and 106.
106
Calculate the highest common divisor of 308981 and 502.
251
What is the greatest common factor of 5780 and 1775?
5
Calculate the greatest common divisor of 817200 and 1260.
180
What is the highest common factor of 1064 and 950?
38
Calculate the highest common divisor of 13433 and 47082.
133
Calculate the greatest common factor of 1656 and 5868.
36
What is the greatest common factor of 105 and 24570?
105
What is the greatest common divisor of 1188 and 21087?
297
What is the highest common divisor of 110198 and 440?
22
Calculate the greatest common divisor of 609 and 15747.
87
What is the greatest common factor of 10 and 50630?
10
Calculate the greatest common factor of 123313 and 1167.
389
What is the greatest common factor of 99 and 130229?
11
What is the highest common factor of 5865 and 25645?
115
Calculate the greatest common factor of 14000 and 2900.
100
What is the greatest common divisor of 20 and 511550?
10
What is the greatest common factor of 1296 and 3444?
12
Calculate the highest common divisor of 68912 and 74752.
1168
Calculate the highest common divisor of 2550 and 460050.
150
Calculate the greatest common divisor of 4657620 and 330.
330
What is the greatest common divisor of 163832 and 8?
8
Calculate the greatest common factor of 13291242 and 654.
654
What is the highest common divisor of 37736 and 8056?
424
Calculate the highest common divisor of 16 and 1644176.
16
Calculate the highest common factor of 2410 and 123874.
482
What is the highest common divisor of 1436 and 161191?
359
What is the greatest common factor of 971976 and 96?
24
What is the greatest common factor of 366 and 9638?
122
Calculate the greatest common factor of 213 and 74479.
71
Calculate the greatest common divisor of 10035 and 2520.
45
Calculate the greatest common factor of 6578 and 9152.
286
What is the highest common factor of 494 and 28600?
26
Calculate the greatest common factor of 48 and 11673.
3
What is the greatest common factor of 2570 and 1610?
10
Calculate the greatest common divisor of 866544 and 12.
12
Calculate the highest common factor of 9656 and 7384.
568
Calculate the highest common divisor of 556106 and 202.
202
Calculate the greatest common factor of 22334 and 416.
26
Calculate the greatest common factor of 801 and 6093207.
801
Calculate the highest common factor of 446860 and 180.
20
What is the highest common factor of 45 and 363395?
5
Calculate the greatest common factor of 21052 and 228.
76
Calculate the highest common factor of 7285 and 8370.
155
Calculate the highest common divisor of 43807 and 71.
71
Calculate the highest common factor of 176 and 953216.
176
What is the greatest common divisor of 1740 and 1048263?
87
Calculate the highest common divisor of 5626 and 83614.
194
What is the highest common factor of 4671 and 44288?
173
What is the highest common divisor of 40194 and 261?
261
Calculate the highest common factor of 36516 and 6.
6
Calculate the greatest common divisor of 314 and 2676379.
157
Calculate the highest common factor of 275 and 273525.
25
What is the highest common divisor of 27 and 281664?
27
Calculate the greatest common factor of 35856 and 1764.
36
What is the highest common divisor of 47965 and 1537?
53
What is the highest common divisor of 7061 and 667?
23
What is the greatest common divisor of 10534968 and 228?
228
Calculate the highest common factor of 54600 and 286.
26
Calculate the highest common divisor of 106 and 27507.
53
What is the highest common factor of 1344 and 72429?
21
Calculate the highest common divisor of 1359 and 167912.
151
Calculate the highest common divisor of 369175 and 200.
25
Calculate the highest common divisor of 756791 and 511.
511
What is the highest common factor of 167 and 2?
1
Calculate the greatest common divisor of 15702 and 102.
6
What is the greatest common factor of 39990 and 9455?
155
Calculate the greatest common factor of 245 and 6085.
5
Calculate the highest common divisor of 1208065 and 10375.
415
What is the highest common divisor of 816 and 599928?
24
Calculate the highest common factor of 38190 and 6834.
402
Calculate the highest common divisor of 1420 and 33796.
284
What is the highest common factor of 12 and 6723?
3
Calculate the highest common factor of 49888 and 32.
32
Calculate the greatest common factor of 95552 and 64.
64
Calculate the highest common divisor of 6255 and 32943.
417
Calculate the highest common divisor of 1189 and 17197.
29
Calculate the greatest common factor of 29185 and 130.
65
What is the highest common factor of 7908210 and 60?
30
Calculate the highest common factor of 1472082 and 114.
114
What is the greatest common factor of 2002 and 311311?
1001
Calculate the highest common divisor of 692038 and 1832.
458
Calculate the greatest common factor of 30 and 120060.
30
What is the greatest common divisor of 145054 and 210?
14
What is the highest common divisor of 3305 and 100?
5
What is the greatest common divisor of 1086325 and 3800?
475
What is the highest common factor of 2090 and 12160?
190
What is the highest common divisor of 4213 and 11107?
383
Calculate the greatest common factor of 8 and 758296.
8
What is the highest common factor of 47 and 3029150?
47
What is the highest common factor of 3157 and 23639?
77
What is the greatest common factor of 188870 and 34?
34
What is the highest common divisor of 535 and 530185?
535
Calculate the greatest common divisor of 12749 and 116083.
671
What is the greatest common factor of 471 and 49769?
157
Calculate the greatest common factor of 191727 and 11664.
729
Calculate the highest common divisor of 484 and 147180.
44
Calculate the greatest common divisor of 387 and 1033806.
129
Calculate the highest common factor of 97776 and 312.
24
What is the highest common divisor of 98161 and 777?
259
Calculate the greatest common factor of 72 and 68598.
18
What is the greatest common divisor of 754 and 249197?
377
Calculate the highest common divisor of 28083 and 22.
11
What is the highest common divisor of 27 and 4707?
9
What is the highest comm